 Suppose q = -3*u - 0*q + 47, -5*u + 75 = q. Calculate the remainder when p is divided by u.
11
Let a = 128 - 75. Suppose -4*v + 19 + a = 0. Calculate the remainder when 0 - 2/(6/(-159)) is divided by v.
17
Let y(d) = -d + 1. Let t be y(-2). Suppose -2*i + 115 = t*i. Calculate the remainder when i is divided by (-4)/3*-4*(-129)/(-86).
7
Let d = 36 + -19. Let g = -96 + 128. What is the remainder when g is divided by d?
15
Suppose -c = -f + 105, -4*c + 145 - 55 = f. What is the remainder when f is divided by 18?
12
Suppose -3*k + 16 = k. Suppose k*j - 10 = 2*j. Suppose 0*m = -m + j. What is the remainder when 9 is divided by m?
4
Let l(u) = 2*u**2 + 7*u - 23. Calculate the remainder when 100 is divided by l(-7).
22
Suppose -4*k + 100 = -4*s, -3*s - 2*k - 3*k - 43 = 0. Let r = s + 33. What is the remainder when 21 is divided by r?
9
Suppose -2*i + 717 = 5*w, -4*w - 4*i = -2*i - 572. Suppose 4*g - 84 = -4*y, -g = -5*y + 2*g + w. Calculate the remainder when y is divided by 7.
5
Calculate the remainder when 29 is divided by 315/(-7)*(-2)/6.
14
Let t be (0 + 1)*(-1 - -1). Suppose 0 = -t*j + 2*j - 40. Calculate the remainder when 59 is divided by j.
19
Suppose 63 = -9*p + 12*p. Calculate the remainder when p is divided by 11.
10
Let v(c) = c**3 - 8*c**2 - 11*c - 3. Let s(d) = -d**3 + 2. Let f be s(-2). Calculate the remainder when v(f) is divided by 22.
21
Let t = 113 + -53. Suppose 171 = 3*z + t. Let u = -22 - -32. What is the remainder when z is divided by u?
7
Let u(r) = 3*r - 6. Let b be u(3). Suppose 2*g - 190 = -b*g. Calculate the remainder when g is divided by 10.
8
Let u = 146 - 103. Suppose -4*w = -3*w - 15. Calculate the remainder when u is divided by w.
13
Let h = 3 + 0. Suppose -9 = -4*s + 4*d + h, -3*s - d = -9. Calculate the remainder when s is divided by 2.
1
Suppose -n + 5*k = -44, -3*k - 4 = 2. Calculate the remainder when n is divided by 18.
16
Suppose 4*b = -p + b + 176, 5*b = -3*p + 532. What is the remainder when p is divided by 45?
44
Suppose 0 = 3*i - 4 + 1, 5*i = -5*n + 20. Suppose 7*u - 4*u - s = 33, 24 = n*u - 4*s. What is the remainder when u is divided by 7?
5
Calculate the remainder when 122 is divided by (-1615)/(-51) - (-4)/(-6).
29
Let b = -49 + 52. What is the remainder when 9 is divided by b?
0
Suppose -5 = -t + 8. Suppose -h + 0 = -t. Calculate the remainder when 37 is divided by h.
11
Suppose 2*d - 6*n + 8*n = 398, 0 = 3*d + 5*n - 591. What is the remainder when d is divided by 52?
46
Suppose 0 = -6*u + 47 + 55. Calculate the remainder when 63 is divided by u.
12
Suppose -24 = -5*r + 9*r. Let i(x) = -12*x - 4. Calculate the remainder when i(r) is divided by 23.
22
Suppose 0*k - 3*k = -96. Let b(l) = 13*l - 6. Let u be b(6). Suppose -4*p - v + u = 0, 4*v = -0*p - 5*p + 101. What is the remainder when k is divided by p?
15
Let v(o) = -o**3 + 2*o**2 + 2*o - 1. Calculate the remainder when v(-2) is divided by 4.
3
Let p(w) be the second derivative of 0 - 11*w**3 - 1/2*w**2 + 2*w. Calculate the remainder when p(-1) is divided by 22.
21
Calculate the remainder when (-1 + 5)*315/28 is divided by (23/(-2))/(2/(-4)).
22
Calculate the remainder when 2/7 + (-6 - 780/(-14)) is divided by ((-2)/6)/(1/(-39)).
11
Let a(q) = q**2 - 12*q - 16. Let h be a(11). Let g = h - -56. What is the remainder when g is divided by 16?
13
Let g(j) = 3*j - 2. Calculate the remainder when g(5) is divided by 3.
1
Suppose 0 = -2*j + 113 + 181. Suppose 0 = x - 4*x + j. Let y = x - 18. Calculate the remainder when y is divided by 11.
9
What is the remainder when 57 is divided by 97/5 - (-3)/5?
17
Calculate the remainder when ((-1)/3)/((-2)/234) is divided by (-39)/(-4) - 2/(-8).
9
Let l = 7 - -8. Suppose -2*f - 5*y = -2, 3*f + 0*y - 3*y - 24 = 0. What is the remainder when l is divided by f?
3
Let t = -3 - -3. Suppose 0 = -t*o + o - 5. Calculate the remainder when 17 is divided by o.
2
Let q(x) = x**3 + x + 4. What is the remainder when 18 is divided by q(0)?
2
Suppose 0 = 3*u - 70 + 211. Let t = -23 - u. Suppose 3*z = -3*q + 45, -z + 4*q - t = -2*z. Calculate the remainder when 35 is divided by z.
11
Let x = -83 - -116. Suppose 3*z - x = -6. What is the remainder when 25 is divided by z?
7
Let j = 34 - 16. What is the remainder when 88 is divided by j?
16
Let z(m) = 5*m**2 - 12*m - 4. Let b(l) = -11*l**2 + 25*l + 7. Let j(v) = 4*b(v) + 9*z(v). What is the remainder when j(10) is divided by 7?
5
Suppose 2*j = -2*m + 32, 12 = 5*m + 2*j - 53. Calculate the remainder when 16 is divided by m.
5
Let t = -13 - -13. Suppose -5*d - 16 + 171 = t. Calculate the remainder when d is divided by 16.
15
Let j(g) = -2. Let w(a) = -a - 8. Let s(n) = -18*j(n) + 4*w(n). Let b = 5 - 8. What is the remainder when s(b) is divided by 9?
7
Let f = -3 + 11. Suppose -10 - 10 = -4*s. Suppose 9 = s*a - 2*a. What is the remainder when f is divided by a?
2
Let j be 6/(-9)*15/(-2). Suppose -5*t + 69 = -t + j*f, 2*f = -5*t + 65. Calculate the remainder when 20 is divided by t.
9
Let y = 38 - 29. Calculate the remainder when 17 is divided by y.
8
Let y(g) = 13*g**3 - g**2 + 1. Calculate the remainder when 37 is divided by y(1).
11
Let c(r) = 9*r**2 + 2*r - 2. Let l(o) = -2*o**2 - 21*o - 2. Calculate the remainder when c(-2) is divided by l(-10).
6
Let p = 36 - 7. Suppose 3*s = q + 6, 2*q - 2*s - 6 = -2. What is the remainder when p is divided by (4/q)/(2/45)?
14
Let m be 5/40 - (-1)/(-8). Suppose m*c - 7*c = -112. What is the remainder when 27 is divided by c?
11
Let i(x) = -11*x - 4. Let r be i(-8). Let z = -49 + r. Suppose -c + 0 + 12 = 0. What is the remainder when z is divided by c?
11
Suppose 0 = -5*v + 5*a + 135 + 305, -2*v + 179 = -3*a. Suppose f = 5*t + 78, 2*f = 2*t + 71 + v. What is the remainder when 12/f - (-828)/26 is divided by 17?
15
Let n(f) = 6*f + 2. Let j(x) be the first derivative of 3*x**2 + x + 3. Let a(v) = 2*j(v) - 3*n(v). What is the remainder when a(-4) is divided by 11?
9
Suppose -10*i + 6*i - 48 = 0. Let c(r) = -r**3 - 11*r**2 + 8*r + 9. What is the remainder when c(i) is divided by 15?
12
Let u(f) be the second derivative of -f**4/12 + 7*f**3/6 + f**2 + 11*f. Suppose -93 = -0*k - 3*k. What is the remainder when k is divided by u(6)?
7
Let l(v) = 6*v**2 - v + 1. Suppose -5*z = -y + 21, -32 = -3*y + 5*z - 9. What is the remainder when 10 is divided by l(y)?
4
Let g be (10/(-15))/((-2)/57). Calculate the remainder when 56 is divided by g*(-1 + 5 + -3).
18
Suppose 0 = 37*f - 31*f - 288. What is the remainder when 140 is divided by f?
44
What is the remainder when -14*(10/7 - 4) is divided by 19?
17
Let t(j) = -j**2 + 9*j - 5. What is the remainder when -3*(-36)/2 + 3 is divided by t(4)?
12
Let p(h) = -21*h + 7. Let k(u) = -31*u + 11. Let q(d) = -5*k(d) + 8*p(d). Calculate the remainder when 27 is divided by q(-1).
13
Suppose 5*w - 1240 = 2*j, -2*w - 193 = -2*j - 695. Calculate the remainder when w is divided by 31.
29
Let q(b) = b**2 - 2*b - 4. Let i be (-2 + -6)*(-2)/4. Calculate the remainder when 14 is divided by q(i).
2
Let o(k) = -9*k. Let y be o(3). Let s(m) = 3*m**2 + 4*m. Let x be s(3). Let r = x + y. What is the remainder when 47 is divided by r?
11
Let u = -40 - -58. Let l(d) = -d**3 - 8*d**2 - 11*d + 13. Calculate the remainder when u is divided by l(-6).
4
Calculate the remainder when (9/5)/(6/210) is divided by 13.
11
Let r(k) = 5*k + 1. Calculate the remainder when 82 is divided by r(4).
19
Suppose 0 = -2*k + 2, 0 = 5*z + 3*k - 53. Calculate the remainder when 63 is divided by (8/z)/(6/165).
19
Let u(r) = -r**3 - 6*r**2 + 3*r. Calculate the remainder when u(-7) is divided by 10.
8
Let d(c) be the third derivative of -5*c**4/12 - 2*c**3/3 + 3*c**2. What is the remainder when 76 is divided by d(-3)?
24
Let f(z) = -z**2 - 12*z - 12. Calculate the remainder when f(-7) is divided by 10.
3
Calculate the remainder when 38 is divided by 9/6*(-26)/(-3).
12
Let q(r) = -r**3 + 7*r**2 - r + 4. Let b(m) = -m**2 + 15*m - 17. What is the remainder when q(6) is divided by b(13)?
7
Suppose -4*r + 4*w + 144 = 0, -r + 2*r - 5*w - 28 = 0. What is the remainder when 75 is divided by r?
37
Let z(s) = s**3 - 4*s**2 + 6*s - 4. Calculate the remainder when (12/(-1))/(-4) - -34 is divided by z(4).
17
Let f(o) = -21*o - 8. Let u be f(7). Let y = -65 - u. Suppose 6*j 